 common divisor of 37 and f?
37
Suppose 1714 = 2*c + s, -32*c + 31*c + 859 = s. Calculate the highest common divisor of 45 and c.
45
Let g be -3*-11*(-2)/(-3). Let l(z) = z**3 + 10*z**2 + 5*z - 18. Let d be l(-9). Suppose 0 = -d*i + 14*i + 88. Calculate the greatest common factor of g and i.
22
Suppose -2*x + 3*i = i - 1184, 5*i = 0. What is the greatest common divisor of 16 and x?
16
Let b = 8 - -41. Suppose -3*v - b = -409. What is the greatest common divisor of 24 and v?
24
Let x = -23 - -26. Let y(a) = -a - 4. Let p be y(x). Let s(j) = -j**3 - 8*j**2 - 9*j - 6. Let t be s(p). Calculate the greatest common factor of t and 12.
4
Suppose 5*t - 9101 = 4*g + 13399, 4*t - g = 18000. Calculate the highest common divisor of 18 and t.
18
Let g = 241 - 53. Let j = -44 + g. What is the highest common divisor of j and 18?
18
Suppose 3*u - 90 = -2*u. Let o be (177 + 0)*(5 - (-42)/(-9)). Suppose 3*l - n - 11 = o, -l + 3*n + u = 0. What is the highest common factor of l and 168?
24
Let r = 12 - 4. Let p be 14/1 + r/(-2). What is the greatest common factor of 6 and p?
2
Suppose 618*t = 604*t + 210. What is the highest common factor of t and 20?
5
Suppose u = 3*v - 73 - 110, -5*u - 195 = -3*v. What is the highest common factor of v and 48?
12
Let i(q) = 7*q - 30. Let h be i(5). What is the highest common factor of 30 and h?
5
Let n be 527/62 + 10/(-4). What is the greatest common factor of 192 and n?
6
Let g(m) = 4*m**2 + 2*m - 6. Let h be g(3). Suppose 5*a + v = 6*v + 95, 4*v - h = -3*a. Calculate the highest common factor of 8 and a.
8
Let f be (-5)/10*1*-168. What is the greatest common factor of f and 60?
12
Suppose 63*m = 58*m + 1140. Calculate the greatest common divisor of m and 12.
12
Let d(g) = -g**3 + 9*g**2 + 75*g + 14. Let v be d(14). Calculate the highest common factor of v and 28.
28
Suppose -56 = -3*j - 5*z, 7*j - 120 = 2*j + 5*z. Suppose 2*q - 176 = q. What is the highest common divisor of q and j?
22
Let v = 36 - 38. Let c(y) = -49*y**3 + y**2 + 4*y + 4. Let o be c(v). What is the greatest common divisor of 49 and o?
49
Let f(d) = d**2 - 3*d + 2. Let m be f(2). Suppose m = -0*i - 3*i + 24. Let g(s) = -s**3 + s**2. Let w be g(-1). Calculate the highest common divisor of i and w.
2
Suppose j + 700 = 21*j. Calculate the greatest common factor of j and 91.
7
Let f = 345 + -257. What is the greatest common divisor of f and 8?
8
Let x(y) = -11*y + 12*y**2 - y**3 + 2*y + 0*y**3 + 5. Let n be x(11). Let b be (30/(-25))/(2/(-15)). What is the greatest common divisor of n and b?
9
Let i be 46/(-7) + (-4)/(-7). Let v(q) = -q**3 - 7*q**2 - 6*q - 3. Let g be v(i). Let w be g/(-3) + -1 - -69. Calculate the highest common divisor of w and 23.
23
Let c = 598 + -578. Let v be (-1122)/(-8) - 1/4. What is the highest common divisor of c and v?
20
Let k be 12/(-7)*63/(-6). Suppose 4*j - 8 = i, 5 = -3*j - i + k. Suppose 3*w = -j*r + 276, -w = 8 - 4. Calculate the greatest common divisor of 32 and r.
32
Suppose -51*j + 740 = -28636. Calculate the greatest common factor of 16 and j.
16
Suppose -5498 - 502 = -15*k. Calculate the greatest common factor of k and 16.
16
Let c be 1 + 2 - (-1 - -1). Let j be 134/3*6/4. Let m be (-3)/6 - j/(-2). Calculate the highest common divisor of c and m.
3
Let u = -1178 - -1652. What is the greatest common divisor of u and 79?
79
Suppose 0 = 4*s + 4*f - 4576, -5*s + 2*f + 424 = -5317. Calculate the greatest common factor of s and 37.
37
Suppose -652 = 11*y + 558. Let m = y - -218. Calculate the greatest common divisor of m and 12.
12
Let z(r) = 34*r**3 - 3*r + 4*r**2 - 4 - 12*r**3 - 21*r**3. Let d be z(4). What is the highest common factor of d and 14?
14
Let x = 5 + 0. Suppose 0 = -4*a - 4*g + 4, x*a = -2*g + g + 1. Suppose -4*p = -a*p - 40. What is the highest common divisor of p and 25?
5
Suppose -376 = 6*n - 6856. What is the greatest common factor of 20 and n?
20
Let f = 12 + -14. Let t = f + 18. Let d = t - 14. What is the greatest common divisor of d and 4?
2
Suppose -d + 4*k + 706 = d, 2*k = -3*d + 1027. Calculate the highest common factor of d and 483.
69
Let k be (28/8 + -11)*16/(-10). What is the highest common factor of k and 108?
12
Let o = 23 + -42. Let i be (0 - (-1)/(-1))*o. Suppose -11 = -d - 4*l + i, 4*l = 5*d - 30. What is the greatest common divisor of 20 and d?
10
Suppose 87 + 1453 = 14*c. What is the highest common divisor of c and 55?
55
Let z be (-1)/(6 - (-1806)/(-300)). Calculate the highest common divisor of z and 30.
10
Suppose -164*f = -166*f + 1150. What is the greatest common divisor of 46 and f?
23
Suppose -4*p = -3*t - 40, 0*t - 10 = -p - t. Suppose -85 = p*f - 11*f. Calculate the greatest common factor of f and 34.
17
Suppose -12 = 2*k - 4*k. Suppose k*r = 4*r + 60. Let g(s) = s**3 - 2*s**2 + 3*s. Let o be g(2). What is the highest common factor of o and r?
6
Let x = -84 - -87. Suppose 4*u + 42 = 5*f, -f = -2*f - u + x. Let z be ((-8)/3)/(2/(-9)). Calculate the highest common factor of z and f.
6
Let a(w) = w**3 + 2*w**2 - w - 7. Let c be a(-5). Let j = 83 + c. Calculate the greatest common factor of 12 and j.
6
Let i = -12 - -90. Suppose 5*x + 5 = 5*c, -c - 3*c = -3*x - 9. Calculate the greatest common factor of i and c.
6
Let v = -693 - -819. Calculate the greatest common factor of v and 84.
42
Suppose 2*c - 19 = -3*a + 4, -3*c = -5*a - 44. Suppose -31*r = -7117 + 266. What is the greatest common factor of r and c?
13
Let v = -8 - -9. Let q(t) = -t**3 - 4*t**2 + 7*t + 11. Let b be q(-5). Let m be (53 - 2)*b - v. What is the greatest common factor of 20 and m?
10
Let a be (-120)/(24/(-6)) - -4 - -5. Calculate the highest common factor of a and 39.
39
Let n = 1051 + -1044. What is the highest common factor of 1939 and n?
7
Let u(z) be the first derivative of 0*z**2 + 2*z + 1/4*z**4 - 2 + 8/3*z**3. Let q be u(-8). Calculate the highest common factor of q and 4.
2
Let x(c) = 5*c + 12. Let a be x(8). Let j be 2 - -3*a/12. What is the greatest common divisor of 135 and j?
15
Let f be ((-3 - -19)/4)/(4/6). Suppose -152 = f*b - 10*b. What is the highest common divisor of b and 76?
38
Suppose 3*d - 101 = -0*m + 2*m, 0 = d + 2*m - 47. Calculate the highest common divisor of 1 and d.
1
Let d = -24 - -11. Let k be 63/1 + (-14 - d). Suppose t = 2 + k. What is the highest common factor of t and 16?
16
Let m(c) = 2*c**2 - 2*c - 4. Let q be m(3). Let v be -2*(2 + (-60)/q). Let x = v + -2. What is the highest common factor of 63 and x?
9
Let b = 779 - 347. Calculate the highest common divisor of 48 and b.
48
Let f(r) = 8*r**2 - 11*r - 3. Let n be f(4). Calculate the highest common factor of 783 and n.
27
Suppose 4*x + 3*k = 4*k + 27, 18 = x - 4*k. Suppose x*v - 3*v = 12. Calculate the highest common divisor of 2 and v.
2
Let n(u) = -u**3 - 44*u**2 - 2*u - 60. Let w be n(-44). Calculate the highest common divisor of w and 28.
28
Suppose 8*u + v - 24 = 4*u, -u - v = -6. Let x = 1 - 1. Suppose -3*h = -x*h - 54. Calculate the highest common factor of u and h.
6
Suppose 7*y + 62 = 160. What is the greatest common divisor of 133 and y?
7
Suppose 31*w - 90 = w. Calculate the highest common divisor of 489 and w.
3
Suppose 0 = 4*g + 7 - 47. Suppose -527 = -4*u + 5*b + 604, 3*b + 9 = 0. Let c be 2/14 + u/7 - 0. What is the greatest common divisor of g and c?
10
Let b(l) = 43*l**2 + 1. Let o be b(-1). Suppose n = -4*m + o, 0*n - 2*n + 78 = 3*m. Calculate the highest common divisor of n and 54.
18
Let b(n) = -n**2 - 16*n + 2. Let f be b(-13). Let o = 42 - f. Calculate the highest common divisor of 4 and o.
1
Let k be 3/(-3)*-5*1. Suppose -k*s + 8*s - 12 = 0. Let n be (-36)/21*(-126)/s. Calculate the greatest common divisor of 6 and n.
6
Let b = -660 + 766. Calculate the greatest common factor of b and 4.
2
Let w(v) = 6*v + 7. Let i(h) = -6*h - 8. Let n(c) = -3*i(c) - 4*w(c). Let k be n(-7). Calculate the highest common factor of k and 76.
38
Let w(o) = o**3 - 8*o**2 + 4*o - 22. Let i be w(8). Suppose -i*z - 25 = -15*z. Calculate the highest common divisor of z and 10.
5
Let b(f) = -2*f**2 - 63*f + 77. Let g be b(-27). What is the greatest common factor of g and 20?
20
Suppose 372 = 9*a - 141. Let o be (-1)/(-6)*(-15 + a). Let l = 146 - 69. What is the greatest common factor of o and l?
7
Let w be 290/1 - 2/2. Let n(j)